 + 8. Let t be d(-3). Suppose -342 = -5*f + t*m - 52*m, 0 = f + 4*m - 60. Calculate the remainder when 540 is divided by f.
64
Suppose 0 = 4*j - 17 - 3. Suppose -3*v - o + 573 = 0, 573 = -2*v + j*v - 3*o. Calculate the remainder when v is divided by (3556/(-16))/(-7) + 1/4.
31
Suppose r - 40 = -5*t, 6 = 3*r - 9. Suppose 798 + 4494 = t*v. Calculate the remainder when v is divided by 11.
8
Suppose -88 = -5*i + 4*o, -3*o = 4*i - 34 - 24. Suppose 4*z + 24 = -4*z. Calculate the remainder when z - (-500)/8*(-4)/(-5) is divided by i.
15
Let p(z) = -62*z**3 - z**2 + 52*z + 129. Calculate the remainder when p(-3) is divided by 10.
8
Let f = 53 + -19. What is the remainder when -17*(23 - (-200)/(-8)) is divided by f?
0
Suppose -11040 = -27*h + 2946. Calculate the remainder when h is divided by 47.
1
Let d(g) be the first derivative of g**3 + 5*g**2/2 - 15*g + 14. What is the remainder when d(7) is divided by 14?
13
Suppose 24*w + 921 = 3*h + 29*w, 0 = -2*w + 12. What is the remainder when h is divided by 39?
24
Let r = -16012 + 16194. Calculate the remainder when 1280 is divided by r.
6
Suppose 2*n = -2*h + 512, 0 = 5*h - 4*n - 0*n - 1289. Suppose 0 = -v - 5*o + 5, 57*v = 59*v + 2*o - 34. What is the remainder when h is divided by v?
17
Suppose -2*w = -4*p + 12, -66*p + 61*p - 3*w + 15 = 0. Suppose -89*u + 21 = -88*u - 5*g, -p*g - 63 = -2*u. Calculate the remainder when 316 is divided by u.
28
Suppose 0 = 4*r - 9*r - 4*i + 113, 2*r + 5*i = 35. Let g = r + -17. Calculate the remainder when g is divided by (-10)/((-13)/((-104)/(-16))).
3
Suppose q + 0*q - 6 = 0. Let o(s) be the first derivative of 2*s**3/3 - 5*s**2 + 5*s + 74. Calculate the remainder when o(7) is divided by q.
3
Let n(z) = -4*z**2 + 19*z + 26. Let m be n(10). Let a = 33 + m. Let f = a - -177. Calculate the remainder when 50 is divided by f.
24
Let p(t) = 2*t**2 + 3*t - 1. Suppose -5094*d + 5734*d - 215040 = 0. What is the remainder when d is divided by p(-4)?
13
Suppose -g + 31 = 5*t, -g + 0*t - 2*t + 28 = 0. Suppose -3*h = -15*i + 10*i - 22, -3*i + g = h. Calculate the remainder when 91 is divided by h.
7
Let j(w) = -17659*w - 35305. What is the remainder when -1 - (1*-31 + 2) is divided by j(-2)?
2
Let m(f) = 78*f - 6152. What is the remainder when 1295 is divided by m(83)?
7
Calculate the remainder when 1553 is divided by (-2)/((-550)/80 + 6)*(-42)/(-4).
17
Suppose 6*t - t - 140 = -5*b, -3*t + 130 = 5*b. Suppose 254*l - 46*l + 311 = 17783. What is the remainder when l is divided by b?
15
Let n = -238 - 44. Let s = -206 - n. Calculate the remainder when s is divided by 11.
10
Suppose -502 + 55 = -3*l - 3*z, l + 3*z - 149 = 0. Suppose -2*s + 229 = 4*p - l, 0 = -5*p + 2*s + 477. What is the remainder when p is divided by 24?
23
Suppose 223 = -28*l + 1483. Calculate the remainder when 2652 is divided by l.
42
Let d(x) = -x**3 + 23*x**2 - 133*x + 61. What is the remainder when 2965 is divided by d(13)?
17
Let k = 1098 - 1192. Let i = 203 + -52. Let v = i + k. What is the remainder when v is divided by 15?
12
What is the remainder when 25972/1510*65/2 is divided by 168?
55
Suppose 108*b + 259 = 4*p + 103*b, -5*p + 287 = -b. What is the remainder when p is divided by 26?
4
Let i(d) = 2*d**2 - 18*d - 1018. What is the remainder when i(-33) is divided by 39?
38
Let k be ((-5)/(-10))/((-2)/(-116)). Let h = k + -17. Let f(b) = -b**3 - 25*b**2 - 28*b - 54. What is the remainder when f(-24) is divided by h?
6
Suppose -2*a - 3*a - 3*b + 3170 = 0, -4*a = 4*b - 2528. Suppose -5*m - 3*z = -343, -2*z = -2*m + z + 154. What is the remainder when a is divided by m?
69
Let x(m) = m**2 + 8*m - 43. Let z be x(-12). Suppose 0 = -z*p + 13*p - 88. Calculate the remainder when p is divided by 8.
3
Suppose 5*y - 272 = 223. Suppose c = -s - y, -5*c - 4*s - 313 = 183. What is the remainder when (-7 - c)/(6/4) is divided by 22?
18
Let a(l) = -2*l**2 + 107*l - 828. What is the remainder when 236 is divided by a(44)?
4
Suppose 14*s - 12*s - 219 = -59. What is the remainder when 556 is divided by s?
76
Let f = -286 + 495. Let j = 217 - f. Suppose -2*w + t = 2*t - 23, -4*t = -5*w + 51. Calculate the remainder when w is divided by j.
3
Suppose -192 = -2*o - o. Let w(n) = -n**3 + 15*n**2 + 51*n + 730. What is the remainder when w(19) is divided by o?
63
Let f(h) = -5*h + 126. Let b be f(21). Calculate the remainder when 102 is divided by (54/(-10))/(-3)*(b - 6).
21
Suppose -4*l - 12 = -0*l. Let s(v) = -10*v - 13. Suppose 178 + 82 = 5*x - 3*q, 0 = 5*x + 2*q - 235. What is the remainder when x is divided by s(l)?
15
Suppose k - 39 = -36. Let p = 57 - 18. Calculate the remainder when k is divided by (-26)/p*3/(-2).
0
Suppose -z + 9*z - 120 = 0. Suppose 0 = z*x - 5*x - 250. Suppose -3*p = 5*u - 311, 4*p - 489 = 3*u - 113. Calculate the remainder when p is divided by x.
22
Let o = 158 - 149. Let s(i) = -17*i + 188. What is the remainder when 138 is divided by s(o)?
33
Let n = -5636 - -5750. What is the remainder when 157 is divided by n?
43
Suppose -2*a + 865 = 4*z + 803, -3*z - 31 = -a. What is the remainder when 181 is divided by a?
26
Suppose -4*q - 24 = 0, -4*n + 9*n + q = 22529. Calculate the remainder when n is divided by 46.
45
Suppose -2894 = -26*g + 3*g + 11343. Calculate the remainder when g is divided by 62.
61
Let h(y) = 21*y - 94. Let d be h(-5). Let i = 314 + d. What is the remainder when i is divided by 29?
28
Let f(z) = -z - 139. Let g be f(23). What is the remainder when (-11358)/g - (-3)/(-27) is divided by 27?
16
Suppose -5*k + 55 = 5*g, 6*g = 3*g - 5*k + 27. Suppose -2*z + 220 = -324. Suppose -z + 78 = -2*j. What is the remainder when j is divided by g?
13
Suppose 57*x - 45641 - 33863 = -15094. What is the remainder when x is divided by 8?
2
Let b = -197 + 273. Let h = b - 60. Calculate the remainder when 48 + 0 - 1 - 1 is divided by h.
14
Let c(b) = 41*b - 579. What is the remainder when c(20) is divided by 31?
24
Let f = -162 + 167. Suppose 4*d - g - 154 = 3*d, -779 = -f*d + 2*g. What is the remainder when d is divided by 40?
37
Suppose -4*s = -5*i + 1970, -5*i + 960*s + 1970 = 955*s. What is the remainder when i is divided by 135?
124
Let c = -9587 + 9622. Calculate the remainder when 565 is divided by c.
5
Let k(o) be the second derivative of 37*o**3/6 - 331*o**2/2 + 141*o. What is the remainder when k(12) is divided by 19?
18
Let r(k) = 132*k + 1819. What is the remainder when 1453 is divided by r(-13)?
11
Suppose 4*r = -2*w + 16, -6*r + 2*w = -3*r - 5. Suppose h - r*x - 39 = -7, 4*h - 145 = -5*x. Calculate the remainder when 60 is divided by h.
25
Suppose -22*r + 9167 = 147. What is the remainder when r is divided by 251?
159
Let f(c) = c + 2. Suppose -4*n + 3*n - 10 = -4*x, 0 = 4*x + 4*n. Let d be f(x). Suppose j + 264 = d*j. Calculate the remainder when j is divided by 18.
16
Let t(g) = -5*g**2 - 9 + g**2 - g**2 + 13*g - g**3 + g. Let c(h) = -h**2 - h + 1. Let f(x) = 3*c(x) + t(x). What is the remainder when f(-10) is divided by 29?
26
Let y be (-1)/(1*(-5)/170). Let a(p) = -p + 38. What is the remainder when 54 is divided by a(y)?
2
Let t be (-2 + 681/(-4))/(29/116). Let s = t - -714. Calculate the remainder when 95 is divided by s.
20
Suppose -b - 11 = -7*t + 2*t, 4*b - 4*t + 12 = 0. Let i be 6 - 8 - (b + -18). Suppose i*f = 15*f + 24. What is the remainder when 44 is divided by f?
8
Let h(f) = 6*f**2 + 37*f + 59. Let k = -22 + 39. What is the remainder when h(-7) is divided by k?
9
Suppose -522*r - 47124 = -606*r. What is the remainder when r is divided by 245?
71
Suppose 98*h - 10*h + 44*h = 1848. What is the remainder when 1950 is divided by h?
4
Let s(x) = -x**3 - 17*x**2 - 11*x - 164. Calculate the remainder when 84 is divided by s(-17).
15
Let f = -87 - -100. Calculate the remainder when 4/34 - (2370/(-85) + -8) is divided by f.
10
Let t(p) = 3*p + 17. Let m be t(-10). Let o be 2*2 - (-11 - m). Suppose b - 56 = -3*b - r, -70 = -5*b + o*r. Calculate the remainder when 68 is divided by b.
12
Let x(r) = -3*r - 43. Let s be x(-16). Let m(p) = p + 38. Calculate the remainder when 214 is divided by m(s).
42
Suppose 2925*s - 2921*s - 1136 = 0. Let n(q) = -q**3 + 7*q**2 + 2*q - 3. Calculate the remainder when s is divided by n(5).
56
Let v(h) = 12*h + 545. Calculate the remainder when v(-5) is 